{"id":1138,"date":"2021-02-12T07:46:17","date_gmt":"2021-02-12T07:46:17","guid":{"rendered":"https:\/\/galerie-dittmar.de\/web\/?page_id=1138"},"modified":"2021-02-12T08:16:37","modified_gmt":"2021-02-12T08:16:37","slug":"della-torre","status":"publish","type":"page","link":"https:\/\/galerie-dittmar.de\/web\/kuenstler\/della-torre\/","title":{"rendered":"ENRICO DELLA TORRE"},"content":{"rendered":"\n<p style=\"font-size:14px\">ENRICO DELLA TORRE<\/p>\n\n\n\n<p class=\"has-small-font-size\" style=\"line-height:0\">Biographie<\/p>\n\n\n\n<p class=\"has-small-font-size\" style=\"line-height:0\"><a href=\"https:\/\/galerie-dittmar.de\/web\/kuenstler\/della-torre\/galerie\/\" class=\"ek-link\">Bilder<\/a><\/p>\n\n\n\n<p>Enrico Della Torre, 1931 bei Cremona geboren, lebt und arbeitet in Mailand. In den sechziger Jahren, zun\u00e4chst in Auseinandersetzung mit der Graphik von Morandi, Erarbeitung des Repertoires. Die Bilder evozieren Vegetabiles, landschaftliche Formationen, zoomorphe Wesen. Sie changieren zwischen belebter und unbelebter Natur, rationaler Bildanlage und freiem malerischem Prozess. Eine gewisse N\u00e4he besteht zu den Surrealisten, abweichend von diesen gewinnen die Korrespondenzen einen vertrauten Status. Die Kreaturen bleiben nat\u00fcrlicher Teil eines verborgenen Zwischenreichs, reale und irreale Welt stehen in Kongruenz zueinander.&nbsp;<\/p>\n\n\n\n<p>\u201eIn den sp\u00e4teren Jahren werden die Arbeiten geometrischer, die Linienf\u00fchrungen ruhiger. Die Akzente bei beibehaltener Doppelwertigkeit von Abstraktion und Gegenstandsbezeichnung k\u00f6nnen sich verschieben. Insgesamt gewinnt der Zeichencharakter f\u00fcr das, was f\u00fcr Natur steht, an Bedeutung. Wenn das Formgef\u00fchl nun einer gr\u00f6\u00dferen Strenge zuneigt, wird damit auch aus der Tradition des eigenen Landes ein Ordnungsdenken proklamiert, inhaltlich gegen\u00fcber der anflutenden Erscheinungswelt, \u00e4sthetisch als Pl\u00e4doyer f\u00fcr das Bild als unaufhebbarem Besitz.\u201c (P.D., in: Allgemeines K\u00fcnstlerlexikon, 25, M\u00fcnchen, Leipzig 2000, S. 493)&nbsp;<\/p>\n\n\n\n<p>Arbeiten unter anderem in Florenz, Uffizien, Gabinetto dei Disegni; M\u00fcnchen, Staatliche Graphische Sammlung und Pinakothek der Moderne; New York, The Museum of Modern Art; Paris, Biblioth\u00e8que Nationale; Wien, Albertina Museum.<\/p>\n\n\n\n<div style=\"height:100px\" aria-hidden=\"true\" class=\"wp-block-spacer\"><\/div>\n","protected":false},"excerpt":{"rendered":"<p>ENRICO DELLA TORRE Biographie Bilder Enrico Della Torre, 1931 bei Cremona geboren, lebt und arbeitet in Mailand. In den sechziger Jahren, zun\u00e4chst in Auseinandersetzung mit der Graphik von Morandi, Erarbeitung des Repertoires. Die Bilder evozieren Vegetabiles, landschaftliche Formationen, zoomorphe Wesen. Sie changieren zwischen belebter und unbelebter Natur, rationaler Bildanlage und freiem malerischem Prozess. Eine gewisse &hellip; <a href=\"https:\/\/galerie-dittmar.de\/web\/kuenstler\/della-torre\/\" class=\"more-link\"><span class=\"screen-reader-text\">\u201eENRICO DELLA TORRE\u201c<\/span> weiterlesen<\/a><\/p>\n","protected":false},"author":2,"featured_media":0,"parent":87,"menu_order":0,"comment_status":"closed","ping_status":"closed","template":"","meta":{"_links_to":"","_links_to_target":""},"_links":{"self":[{"href":"https:\/\/galerie-dittmar.de\/web\/wp-json\/wp\/v2\/pages\/1138"}],"collection":[{"href":"https:\/\/galerie-dittmar.de\/web\/wp-json\/wp\/v2\/pages"}],"about":[{"href":"https:\/\/galerie-dittmar.de\/web\/wp-json\/wp\/v2\/types\/page"}],"author":[{"embeddable":true,"href":"https:\/\/galerie-dittmar.de\/web\/wp-json\/wp\/v2\/users\/2"}],"replies":[{"embeddable":true,"href":"https:\/\/galerie-dittmar.de\/web\/wp-json\/wp\/v2\/comments?post=1138"}],"version-history":[{"count":2,"href":"https:\/\/galerie-dittmar.de\/web\/wp-json\/wp\/v2\/pages\/1138\/revisions"}],"predecessor-version":[{"id":1150,"href":"https:\/\/galerie-dittmar.de\/web\/wp-json\/wp\/v2\/pages\/1138\/revisions\/1150"}],"up":[{"embeddable":true,"href":"https:\/\/galerie-dittmar.de\/web\/wp-json\/wp\/v2\/pages\/87"}],"wp:attachment":[{"href":"https:\/\/galerie-dittmar.de\/web\/wp-json\/wp\/v2\/media?parent=1138"}],"curies":[{"name":"wp","href":"https:\/\/api.w.org\/{rel}","templated":true}]}}