{"id":1491,"date":"2021-03-01T10:05:23","date_gmt":"2021-03-01T10:05:23","guid":{"rendered":"https:\/\/galerie-dittmar.de\/web\/?page_id=1491"},"modified":"2021-03-01T10:10:01","modified_gmt":"2021-03-01T10:10:01","slug":"sal","status":"publish","type":"page","link":"https:\/\/galerie-dittmar.de\/web\/kuenstler\/sal\/","title":{"rendered":"JACK SAL"},"content":{"rendered":"\n<p style=\"font-size:14px\">JACK SAL<\/p>\n\n\n\n<p class=\"has-small-font-size\" style=\"line-height:0\">Biographie<\/p>\n\n\n\n<p class=\"has-small-font-size\" style=\"line-height:0\"><a href=\"https:\/\/galerie-dittmar.de\/web\/kuenstler\/sal\/galerie\/\" class=\"ek-link\">Bilder<\/a><\/p>\n\n\n\n<p>Jack Sal wurde 1954 geboren und lebt und arbeitet in New York und in Umbrien. Zusammenarbeit mit Bruce Naumann, Sol LeWitt und Janis Kounellis. Die Kunst Jack Sals ist grenz\u00fcberschreitend angelegt und zutiefst proze\u00dfhaltig. Der K\u00fcnstler verwendet in seinen Installationen vorwiegend die Materialien Stahl, Blei und Photopapier, wobei das Ambiente eine tragende Rolle spielt, indem die \u00d6rtlichkeit unter Einbeziehung des Lichts und des Faktors Zeit einer Strukturierung unterworfen wird, wie gleichzeitig das Kunstwerk einem Ver\u00e4nderungsprozess. Die herk\u00f6mmliche Kategorie des in seiner einmaligen Erscheinung definierten Werks ist au\u00dfer Kraft gesetzt. Die Zeichnungen, die projektbezogen oder autonom entstehen, unterliegen strukturell und konzeptionell, in ihrer linearen Anlage und ihrer sequenzartigen Minimalisierung, den gleichen Bedingungen, erschlie\u00dfen dabei eine eigene \u00e4sthetische Dimension.<\/p>\n\n\n\n<p>Arbeiten unter anderem im Stedelijk Museum Amsterdam, in der Kunsthalle Bielefeld, im Gemeentemuseum Den Hag, im Hamburger Museum f\u00fcr Kunst und Gewerbe, im Israel Museum Jerusalem, im Museum Ludwig K\u00f6ln, im Museum of Modern Art New York und im Museum f\u00fcr Moderne Kunst Wien.<\/p>\n\n\n\n<p class=\"has-small-font-size\" style=\"line-height:0\"><\/p>\n\n\n\n<p style=\"font-size:14px;line-height:0\"><\/p>\n","protected":false},"excerpt":{"rendered":"<p>JACK SAL Biographie Bilder Jack Sal wurde 1954 geboren und lebt und arbeitet in New York und in Umbrien. Zusammenarbeit mit Bruce Naumann, Sol LeWitt und Janis Kounellis. Die Kunst Jack Sals ist grenz\u00fcberschreitend angelegt und zutiefst proze\u00dfhaltig. Der K\u00fcnstler verwendet in seinen Installationen vorwiegend die Materialien Stahl, Blei und Photopapier, wobei das Ambiente eine &hellip; <a href=\"https:\/\/galerie-dittmar.de\/web\/kuenstler\/sal\/\" class=\"more-link\"><span class=\"screen-reader-text\">\u201eJACK SAL\u201c<\/span> weiterlesen<\/a><\/p>\n","protected":false},"author":2,"featured_media":0,"parent":87,"menu_order":0,"comment_status":"closed","ping_status":"closed","template":"","meta":{"_links_to":"","_links_to_target":""},"_links":{"self":[{"href":"https:\/\/galerie-dittmar.de\/web\/wp-json\/wp\/v2\/pages\/1491"}],"collection":[{"href":"https:\/\/galerie-dittmar.de\/web\/wp-json\/wp\/v2\/pages"}],"about":[{"href":"https:\/\/galerie-dittmar.de\/web\/wp-json\/wp\/v2\/types\/page"}],"author":[{"embeddable":true,"href":"https:\/\/galerie-dittmar.de\/web\/wp-json\/wp\/v2\/users\/2"}],"replies":[{"embeddable":true,"href":"https:\/\/galerie-dittmar.de\/web\/wp-json\/wp\/v2\/comments?post=1491"}],"version-history":[{"count":3,"href":"https:\/\/galerie-dittmar.de\/web\/wp-json\/wp\/v2\/pages\/1491\/revisions"}],"predecessor-version":[{"id":1497,"href":"https:\/\/galerie-dittmar.de\/web\/wp-json\/wp\/v2\/pages\/1491\/revisions\/1497"}],"up":[{"embeddable":true,"href":"https:\/\/galerie-dittmar.de\/web\/wp-json\/wp\/v2\/pages\/87"}],"wp:attachment":[{"href":"https:\/\/galerie-dittmar.de\/web\/wp-json\/wp\/v2\/media?parent=1491"}],"curies":[{"name":"wp","href":"https:\/\/api.w.org\/{rel}","templated":true}]}}