{"id":42,"date":"2021-01-16T13:49:59","date_gmt":"2021-01-16T13:49:59","guid":{"rendered":"https:\/\/galerie-dittmar.de\/web\/?page_id=42"},"modified":"2026-09-04T07:52:48","modified_gmt":"2026-09-04T07:52:48","slug":"ausstellungen","status":"publish","type":"page","link":"https:\/\/galerie-dittmar.de\/web\/","title":{"rendered":"AUSSTELLUNGEN"},"content":{"rendered":"\n<p class=\"has-small-font-size\">Aktuelles&nbsp;<a class=\"ek-link\" href=\"https:\/\/galerie-dittmar.de\/web\/vorschau\/\">Vorschau<\/a>&nbsp; <a class=\"ek-link\" href=\"https:\/\/galerie-dittmar.de\/web\/rueckblick\/\">R\u00fcckblick<\/a> <\/p>\n\n\n\n<p><\/p>\n\n\n\n<p class=\"has-text-align-center\" style=\"font-size:22px\">Mona Breede <\/p>\n\n\n\n<p class=\"has-text-align-center\" style=\"font-size:18px\">Ein anderes Venedig<\/p>\n\n\n\n<p class=\"has-text-align-center\">Er\u00f6ffnung: Mittwoch, 9. September 2026, 12 bis 18 Uhr <br>9. September bis 5. November 2026<\/p>\n\n\n<div class=\"wp-block-image\">\n<figure class=\"aligncenter size-full is-resized\"><img loading=\"lazy\" src=\"https:\/\/galerie-dittmar.de\/web\/wp-content\/uploads\/2026\/09\/image001-3.jpg\" alt=\"\" class=\"wp-image-4430\" width=\"523\" height=\"383\" srcset=\"https:\/\/galerie-dittmar.de\/web\/wp-content\/uploads\/2026\/09\/image001-3.jpg 567w, https:\/\/galerie-dittmar.de\/web\/wp-content\/uploads\/2026\/09\/image001-3-300x220.jpg 300w\" sizes=\"(max-width: 523px) 85vw, 523px\" \/><figcaption>Fondamenta Arsenale, 2025, 40 x 55 cm<br><\/figcaption><\/figure><\/div>\n\n\n<p>Die Ausstellung zeigt eine neue umfangreiche Werkgruppe von Mona Breede zu Venedig. Sie entwickelte hier ihre innovative Vorgehensweise, das fr\u00fch erarbeitete choreographische Verfahren wie die folgenden Portr\u00e4t-Serien, unter den besonderen Bedingungen weiter und erschloss sich neue Ausdrucksm\u00f6glichkeiten. Die K\u00fcnstlerin hatte hierzu 2025 vom Deutschen Studienzentrum in Venedig ein dreimonatiges Forschungs- und Arbeitsstipendium bewilligt bekommen. Sie legte ihre Ergebnisse im September 2025 im Studienzentrum vor. Und noch einmal Anfang Dezember 2025 auf der Tagung des Studienzentrums \u201eVenedig als Labor. Perspektiven einer interdisziplin\u00e4ren Venedigforschung zwischen Wissenschaft und Kunst\u201c in ihrem Vortrag\u00a0<em>Resonanzraum Venedig \u2013 gestern und heute<\/em>,\u00a0 unter Einbeziehung ihres j\u00fcngst erarbeiteten Materials. <\/p>\n\n\n\n<p>Zur Ausstellung erscheint ein Katalog mit 96 Seiten, einem Essay von Petra Schaefer und 68 Abb.<\/p>\n\n\n<div class=\"wp-block-image\">\n<figure class=\"aligncenter size-full is-resized\"><img loading=\"lazy\" src=\"https:\/\/galerie-dittmar.de\/web\/wp-content\/uploads\/2026\/09\/image002-2.jpg\" alt=\"\" class=\"wp-image-4431\" width=\"547\" height=\"400\" srcset=\"https:\/\/galerie-dittmar.de\/web\/wp-content\/uploads\/2026\/09\/image002-2.jpg 798w, https:\/\/galerie-dittmar.de\/web\/wp-content\/uploads\/2026\/09\/image002-2-300x220.jpg 300w, https:\/\/galerie-dittmar.de\/web\/wp-content\/uploads\/2026\/09\/image002-2-768x562.jpg 768w\" sizes=\"(max-width: 547px) 85vw, 547px\" \/><figcaption>Ponte di San Paternan, 2026, 40 x 55 cm<\/figcaption><\/figure><\/div>\n\n\n<p><\/p>\n","protected":false},"excerpt":{"rendered":"<p>Aktuelles&nbsp;Vorschau&nbsp; R\u00fcckblick Mona Breede Ein anderes Venedig Er\u00f6ffnung: Mittwoch, 9. September 2026, 12 bis 18 Uhr 9. September bis 5. November 2026 Die Ausstellung zeigt eine neue umfangreiche Werkgruppe von Mona Breede zu Venedig. Sie entwickelte hier ihre innovative Vorgehensweise, das fr\u00fch erarbeitete choreographische Verfahren wie die folgenden Portr\u00e4t-Serien, unter den besonderen Bedingungen weiter und &hellip; <a href=\"https:\/\/galerie-dittmar.de\/web\/\" class=\"more-link\"><span class=\"screen-reader-text\">\u201eAUSSTELLUNGEN\u201c<\/span> weiterlesen<\/a><\/p>\n","protected":false},"author":1,"featured_media":0,"parent":0,"menu_order":3,"comment_status":"closed","ping_status":"closed","template":"","meta":{"_links_to":"","_links_to_target":""},"_links":{"self":[{"href":"https:\/\/galerie-dittmar.de\/web\/wp-json\/wp\/v2\/pages\/42"}],"collection":[{"href":"https:\/\/galerie-dittmar.de\/web\/wp-json\/wp\/v2\/pages"}],"about":[{"href":"https:\/\/galerie-dittmar.de\/web\/wp-json\/wp\/v2\/types\/page"}],"author":[{"embeddable":true,"href":"https:\/\/galerie-dittmar.de\/web\/wp-json\/wp\/v2\/users\/1"}],"replies":[{"embeddable":true,"href":"https:\/\/galerie-dittmar.de\/web\/wp-json\/wp\/v2\/comments?post=42"}],"version-history":[{"count":542,"href":"https:\/\/galerie-dittmar.de\/web\/wp-json\/wp\/v2\/pages\/42\/revisions"}],"predecessor-version":[{"id":4434,"href":"https:\/\/galerie-dittmar.de\/web\/wp-json\/wp\/v2\/pages\/42\/revisions\/4434"}],"wp:attachment":[{"href":"https:\/\/galerie-dittmar.de\/web\/wp-json\/wp\/v2\/media?parent=42"}],"curies":[{"name":"wp","href":"https:\/\/api.w.org\/{rel}","templated":true}]}}

<p class="has-small-font-size">Aktuelles&nbsp;<a class="ek-link" href="https://galerie-dittmar.de/web/vorschau/">Vorschau</a>&nbsp; <a class="ek-link" href="https://galerie-dittmar.de/web/rueckblick/">Rückblick</a> </p>



<p></p>



<p class="has-text-align-center" style="font-size:22px">Mona Breede </p>



<p class="has-text-align-center" style="font-size:18px">Ein anderes Venedig</p>



<p class="has-text-align-center">Eröffnung: Mittwoch, 9. September 2026, 12 bis 18 Uhr <br>9. September bis 5. November 2026</p>


<div class="wp-block-image">
<figure class="aligncenter size-full is-resized"><img loading="lazy" src="https://galerie-dittmar.de/web/wp-content/uploads/2026/09/image001-3.jpg" alt="" class="wp-image-4430" width="523" height="383" srcset="https://galerie-dittmar.de/web/wp-content/uploads/2026/09/image001-3.jpg 567w, https://galerie-dittmar.de/web/wp-content/uploads/2026/09/image001-3-300x220.jpg 300w" sizes="(max-width: 523px) 85vw, 523px" /><figcaption>Fondamenta Arsenale, 2025, 40 x 55 cm<br></figcaption></figure></div>


<p>Die Ausstellung zeigt eine neue umfangreiche Werkgruppe von Mona Breede zu Venedig. Sie entwickelte hier ihre innovative Vorgehensweise, das früh erarbeitete choreographische Verfahren wie die folgenden Porträt-Serien, unter den besonderen Bedingungen weiter und erschloss sich neue Ausdrucksmöglichkeiten. Die Künstlerin hatte hierzu 2025 vom Deutschen Studienzentrum in Venedig ein dreimonatiges Forschungs- und Arbeitsstipendium bewilligt bekommen. Sie legte ihre Ergebnisse im September 2025 im Studienzentrum vor. Und noch einmal Anfang Dezember 2025 auf der Tagung des Studienzentrums „Venedig als Labor. Perspektiven einer interdisziplinären Venedigforschung zwischen Wissenschaft und Kunst“ in ihrem Vortrag <em>Resonanzraum Venedig – gestern und heute</em>,  unter Einbeziehung ihres jüngst erarbeiteten Materials. </p>



<p>Zur Ausstellung erscheint ein Katalog mit 96 Seiten, einem Essay von Petra Schaefer und 68 Abb.</p>


<div class="wp-block-image">
<figure class="aligncenter size-full is-resized"><img loading="lazy" src="https://galerie-dittmar.de/web/wp-content/uploads/2026/09/image002-2.jpg" alt="" class="wp-image-4431" width="547" height="400" srcset="https://galerie-dittmar.de/web/wp-content/uploads/2026/09/image002-2.jpg 798w, https://galerie-dittmar.de/web/wp-content/uploads/2026/09/image002-2-300x220.jpg 300w, https://galerie-dittmar.de/web/wp-content/uploads/2026/09/image002-2-768x562.jpg 768w" sizes="(max-width: 547px) 85vw, 547px" /><figcaption>Ponte di San Paternan, 2026, 40 x 55 cm</figcaption></figure></div>


<p></p>

<p>Aktuelles&nbsp;Vorschau&nbsp; Rückblick Mona Breede Ein anderes Venedig Eröffnung: Mittwoch, 9. September 2026, 12 bis 18 Uhr 9. September bis 5. November 2026 Die Ausstellung zeigt eine neue umfangreiche Werkgruppe von Mona Breede zu Venedig. Sie entwickelte hier ihre innovative Vorgehensweise, das früh erarbeitete choreographische Verfahren wie die folgenden Porträt-Serien, unter den besonderen Bedingungen weiter und &hellip; <a href="https://galerie-dittmar.de/web/" class="more-link"><span class="screen-reader-text">„AUSSTELLUNGEN“</span> weiterlesen</a></p>
