{"id":682,"date":"2021-01-31T16:14:25","date_gmt":"2021-01-31T16:14:25","guid":{"rendered":"https:\/\/galerie-dittmar.de\/web\/?page_id=682"},"modified":"2021-02-24T06:26:28","modified_gmt":"2021-02-24T06:26:28","slug":"bohrmann","status":"publish","type":"page","link":"https:\/\/galerie-dittmar.de\/web\/kuenstler\/bohrmann\/","title":{"rendered":"KARL BOHRMANN"},"content":{"rendered":"\n<p style=\"font-size:14px\">KARL BOHRMANN<\/p>\n\n\n\n<p class=\"has-small-font-size\" style=\"line-height:0\">Biographie<\/p>\n\n\n\n<p class=\"has-small-font-size\" style=\"line-height:0\"><a href=\"https:\/\/galerie-dittmar.de\/web\/kuenstler\/bohrmann\/bilder\/\" class=\"ek-link\">Bilder<\/a><\/p>\n\n\n\n<p>Karl Bohrmann (1928 \u2013 1998) war 1972 bis 1980 Lehrer an der St\u00e4delschule Frankfurt. 1964 erhielt er den Premio Lugano, 1969 den Deutschen Preis der Mostra Biennale Internazionale Della Grafica, Florenz, 1982 das Villa-Romano Stipendium in Florenz. 1984 war er Ehrengast in der Villa Massimo, Rom, seit diesem Jahr Mitglied der Bayerischen Akademie der Sch\u00f6nen K\u00fcnste, M\u00fcnchen. Zu den gro\u00dfen Ausstellungen geh\u00f6rten die Retrospektiven in der St\u00e4dtischen Galerie im Lenbachhaus, M\u00fcnchen 1980, diejenige im Altana Kunstforum in Bad Homburg 2006 und die der Staatlichen Graphischen Sammlung, Pinakothek der Moderne, M\u00fcnchen 2007, mit umfangreichen Katalogen. 2016 erschien die gro\u00dfe Publikation mit Arbeiten aus dem Nachlass im Sieveking Verlag, M\u00fcnchen. <\/p>\n\n\n\n<p>Karl Bohrmann, einer der bedeutendsten K\u00fcnstler der Moderne auf dem Gebiet der Zeichnung, versuchte, das Wesen des Zeichnerischen zu ergr\u00fcnden, in der Verfolgung des Ziels, \u201edas Zeichnen zu zeichnen\u201c (Armin Zweite). Er sah sich damit auch in der Nachfolge von Corot, Bonnard, Morandi. Es galt f\u00fcr den K\u00fcnstler, den Moment im zeichnerischen Prozess zu ersp\u00fcren, in dem \u201ealle zeitlichen Zw\u00e4nge sich aufl\u00f6sen. Dass es das Simpelste von der Welt wird, dass nichts dazwischentreten darf, dass es um den Anfang geht, das pl\u00f6tzliche Dasein, um Gegenw\u00e4rtigkeit, Gewahrsam.\u201c (Karl Bohrmann)<\/p>\n","protected":false},"excerpt":{"rendered":"<p>KARL BOHRMANN Biographie Bilder Karl Bohrmann (1928 \u2013 1998) war 1972 bis 1980 Lehrer an der St\u00e4delschule Frankfurt. 1964 erhielt er den Premio Lugano, 1969 den Deutschen Preis der Mostra Biennale Internazionale Della Grafica, Florenz, 1982 das Villa-Romano Stipendium in Florenz. 1984 war er Ehrengast in der Villa Massimo, Rom, seit diesem Jahr Mitglied der &hellip; <a href=\"https:\/\/galerie-dittmar.de\/web\/kuenstler\/bohrmann\/\" class=\"more-link\"><span class=\"screen-reader-text\">\u201eKARL BOHRMANN\u201c<\/span> weiterlesen<\/a><\/p>\n","protected":false},"author":1,"featured_media":0,"parent":87,"menu_order":4,"comment_status":"closed","ping_status":"closed","template":"","meta":{"_links_to":"","_links_to_target":""},"_links":{"self":[{"href":"https:\/\/galerie-dittmar.de\/web\/wp-json\/wp\/v2\/pages\/682"}],"collection":[{"href":"https:\/\/galerie-dittmar.de\/web\/wp-json\/wp\/v2\/pages"}],"about":[{"href":"https:\/\/galerie-dittmar.de\/web\/wp-json\/wp\/v2\/types\/page"}],"author":[{"embeddable":true,"href":"https:\/\/galerie-dittmar.de\/web\/wp-json\/wp\/v2\/users\/1"}],"replies":[{"embeddable":true,"href":"https:\/\/galerie-dittmar.de\/web\/wp-json\/wp\/v2\/comments?post=682"}],"version-history":[{"count":10,"href":"https:\/\/galerie-dittmar.de\/web\/wp-json\/wp\/v2\/pages\/682\/revisions"}],"predecessor-version":[{"id":1392,"href":"https:\/\/galerie-dittmar.de\/web\/wp-json\/wp\/v2\/pages\/682\/revisions\/1392"}],"up":[{"embeddable":true,"href":"https:\/\/galerie-dittmar.de\/web\/wp-json\/wp\/v2\/pages\/87"}],"wp:attachment":[{"href":"https:\/\/galerie-dittmar.de\/web\/wp-json\/wp\/v2\/media?parent=682"}],"curies":[{"name":"wp","href":"https:\/\/api.w.org\/{rel}","templated":true}]}}