{"id":750,"date":"2021-01-31T19:16:42","date_gmt":"2021-01-31T19:16:42","guid":{"rendered":"https:\/\/galerie-dittmar.de\/web\/?page_id=750"},"modified":"2021-02-19T12:03:43","modified_gmt":"2021-02-19T12:03:43","slug":"pijuan","status":"publish","type":"page","link":"https:\/\/galerie-dittmar.de\/web\/kuenstler\/pijuan\/","title":{"rendered":"JOAN HERN\u00c1NDEZ PIJUAN"},"content":{"rendered":"\n<p style=\"font-size:14px\">JOAN HERN\u00c1NDEZ PIJUAN<\/p>\n\n\n\n<p class=\"has-small-font-size\" style=\"line-height:0\">Biographie<\/p>\n\n\n\n<p class=\"has-small-font-size\" style=\"line-height:0\"><a href=\"https:\/\/galerie-dittmar.de\/web\/kuenstler\/pijuan\/galerie\/\" class=\"ek-link\">Bilder<\/a><\/p>\n\n\n\n<p class=\"has-small-font-size\" style=\"line-height:0\"><a href=\"https:\/\/galerie-dittmar.de\/web\/kuenstler\/pijuan\/publikation\/\" class=\"ek-link\">Publikation<\/a><\/p>\n\n\n\n<p class=\"has-small-font-size\" style=\"line-height:0\"><\/p>\n\n\n\n<p>Joan Hern\u00e1ndez Pijuan, 1931 in Barcelona geboren, nahm an den Biennalen in Venedig 1960, 1970 und 2005 im Jahr seines Todes teil. 1989 Professur an der Fakult\u00e4t der Sch\u00f6nen K\u00fcnste der Universit\u00e4t Barcelona. 1993 umfassende Werk\u00fcbersicht im Museo Nacional Reina Sof\u00eda in Madrid, die seinen Rang als einer der bedeutendsten spanischen K\u00fcnstler der zweiten H\u00e4lfte des 20. Jahrhunderts festigte. Im Vordergrund der Arbeit des K\u00fcnstlers steht die \u00dcberlegung, den Raum, die Landschaft aus der Anschauung und der Malerei zu gewinnen. Zum Landschaftsraum als malerische Erscheinung geh\u00f6rt das zeichnerische Motiv, der Gegenstand in zeichenhafter Reduktion und in Beziehung zu diesem Raum oder in seiner elementaren Form an sich. Aus dieser Verschr\u00e4nkung der malerischen und motivischen Ebene, von Malerei und Zeichnung ergibt sich auch der sich gegenseitig befruchtende Prozess zwischen den Medien.<\/p>\n\n\n\n<p>\u201eEs ist die Natur, eingefangen in einem Bild, einer Zeichnung, die meine Arbeit geformt hat, eine Arbeit, die von bildnerischen Problemen gepr\u00e4gt ist, vom Dialog mit dem bildnerischen Raum, von den Fragen nach einem Raum als lebendiger Bestandteil des Bildes und den Grenzen, die die Fl\u00e4che vorgibt.\u201c (Joan Hern\u00e1ndez Pijuan)<\/p>\n","protected":false},"excerpt":{"rendered":"<p>JOAN HERN\u00c1NDEZ PIJUAN Biographie Bilder Publikation Joan Hern\u00e1ndez Pijuan, 1931 in Barcelona geboren, nahm an den Biennalen in Venedig 1960, 1970 und 2005 im Jahr seines Todes teil. 1989 Professur an der Fakult\u00e4t der Sch\u00f6nen K\u00fcnste der Universit\u00e4t Barcelona. 1993 umfassende Werk\u00fcbersicht im Museo Nacional Reina Sof\u00eda in Madrid, die seinen Rang als einer der &hellip; <a href=\"https:\/\/galerie-dittmar.de\/web\/kuenstler\/pijuan\/\" class=\"more-link\"><span class=\"screen-reader-text\">\u201eJOAN HERN\u00c1NDEZ PIJUAN\u201c<\/span> weiterlesen<\/a><\/p>\n","protected":false},"author":1,"featured_media":0,"parent":87,"menu_order":11,"comment_status":"closed","ping_status":"closed","template":"","meta":{"_links_to":"","_links_to_target":""},"_links":{"self":[{"href":"https:\/\/galerie-dittmar.de\/web\/wp-json\/wp\/v2\/pages\/750"}],"collection":[{"href":"https:\/\/galerie-dittmar.de\/web\/wp-json\/wp\/v2\/pages"}],"about":[{"href":"https:\/\/galerie-dittmar.de\/web\/wp-json\/wp\/v2\/types\/page"}],"author":[{"embeddable":true,"href":"https:\/\/galerie-dittmar.de\/web\/wp-json\/wp\/v2\/users\/1"}],"replies":[{"embeddable":true,"href":"https:\/\/galerie-dittmar.de\/web\/wp-json\/wp\/v2\/comments?post=750"}],"version-history":[{"count":5,"href":"https:\/\/galerie-dittmar.de\/web\/wp-json\/wp\/v2\/pages\/750\/revisions"}],"predecessor-version":[{"id":1248,"href":"https:\/\/galerie-dittmar.de\/web\/wp-json\/wp\/v2\/pages\/750\/revisions\/1248"}],"up":[{"embeddable":true,"href":"https:\/\/galerie-dittmar.de\/web\/wp-json\/wp\/v2\/pages\/87"}],"wp:attachment":[{"href":"https:\/\/galerie-dittmar.de\/web\/wp-json\/wp\/v2\/media?parent=750"}],"curies":[{"name":"wp","href":"https:\/\/api.w.org\/{rel}","templated":true}]}}