{"id":828,"date":"2021-01-31T20:23:28","date_gmt":"2021-01-31T20:23:28","guid":{"rendered":"https:\/\/galerie-dittmar.de\/web\/?page_id=828"},"modified":"2021-02-26T15:39:09","modified_gmt":"2021-02-26T15:39:09","slug":"usui","status":"publish","type":"page","link":"https:\/\/galerie-dittmar.de\/web\/kuenstler\/usui\/","title":{"rendered":"HANA USUI"},"content":{"rendered":"\n<p style=\"font-size:14px\">HANA USUI<\/p>\n\n\n\n<p class=\"has-small-font-size\" style=\"line-height:0\">Biographie<\/p>\n\n\n\n<p class=\"has-small-font-size\" style=\"line-height:0\"><a href=\"https:\/\/galerie-dittmar.de\/web\/kuenstler\/usui\/bilder\/\" class=\"ek-link\">Bilder<\/a><\/p>\n\n\n\n<p class=\"has-small-font-size\" style=\"line-height:0\"><a href=\"https:\/\/galerie-dittmar.de\/web\/kuenstler\/usui\/publikation\/\" class=\"ek-link\">Publikation<\/a><\/p>\n\n\n\n<p class=\"has-small-font-size\" style=\"line-height:0\"><\/p>\n\n\n\n<p class=\"has-small-font-size\">Hana Usui wurde 1974 in Tokyo geboren. Sie studierte parallel zu ihrer schulischen Ausbildung von fr\u00fch an Kalligraphie, von 1994 bis 1998 an der Waseda Universit\u00e4t in Tokyo Kunstgeschichte. Nach dem Umzug nach Berlin hatte sie 2008 bis 2009 einen Lehrauftrag am Kunsthistorischen Institut der Freien Universit\u00e4t Berlin. Seit 2010 lebt sie in Wien. Ausstellungsbeteiligungen unter anderem im Art Museum von Tokyo, im Museum Residenzgalerie Salzburg, im Kupferstich-Kabinett der Staatlichen Kunstsammlungen Dresden und im Kupferstichkabinett der Staatlichen Museen Berlin. Anl\u00e4sslich ihrer Ausstellung in der Kunsthalle Wien 2012 erschien ein Katalog.<\/p>\n\n\n\n<p class=\"has-small-font-size\">Von ihrem Ausgangspunkt in der japanischen Kalligraphie l\u00f6ste sich Hana Usui, ohne deren geistigen und formalen Grundlagen g\u00e4nzlich aufzugeben, immer mehr, um zu einer freien, bei aller Reduktion au\u00dferordentlich variationsreichen Linienbildung zu finden. Diese kann zu st\u00e4rkeren Konzentrationen f\u00fchren, \u00e4u\u00dferster Verknappung, graphischer Klarheit oder linearem rhythmischem Spiel bis zum markanten gestischen Ausdruck. Hierzu geh\u00f6rt das Verh\u00e4ltnis von zeichnerischer Gestalt und freiem Raum und die dadurch erzeugte Spannung. Eine Bedeutungsebene wird nie ganz aufgegeben, zeichenhafte und bezeichnende Vorstellungen schwingen in unterschiedlicher Auspr\u00e4gung mit, die aber immer unaufdringlich bleiben. Zus\u00e4tzlich f\u00fchrt die Verwendung der \u00d6lfarbe zu einer Intensivierung des graphischen Bildes wie die Tuschlavierung auf einem zweiten, der Zeichnung unterlegten Blatt den r\u00e4umlichen und malerischen Reichtum steigert. Diese Vielfalt der zeichnerischen M\u00f6glichkeiten und die allen Bl\u00e4ttern eingeschriebene Offenheit stehen ganz im Dienst der stilistischen Einheit des zeichnerischen Werks.<\/p>\n","protected":false},"excerpt":{"rendered":"<p>HANA USUI Biographie Bilder Publikation Hana Usui wurde 1974 in Tokyo geboren. Sie studierte parallel zu ihrer schulischen Ausbildung von fr\u00fch an Kalligraphie, von 1994 bis 1998 an der Waseda Universit\u00e4t in Tokyo Kunstgeschichte. Nach dem Umzug nach Berlin hatte sie 2008 bis 2009 einen Lehrauftrag am Kunsthistorischen Institut der Freien Universit\u00e4t Berlin. Seit 2010 &hellip; <a href=\"https:\/\/galerie-dittmar.de\/web\/kuenstler\/usui\/\" class=\"more-link\"><span class=\"screen-reader-text\">\u201eHANA USUI\u201c<\/span> weiterlesen<\/a><\/p>\n","protected":false},"author":1,"featured_media":0,"parent":87,"menu_order":14,"comment_status":"closed","ping_status":"closed","template":"","meta":{"_links_to":"","_links_to_target":""},"_links":{"self":[{"href":"https:\/\/galerie-dittmar.de\/web\/wp-json\/wp\/v2\/pages\/828"}],"collection":[{"href":"https:\/\/galerie-dittmar.de\/web\/wp-json\/wp\/v2\/pages"}],"about":[{"href":"https:\/\/galerie-dittmar.de\/web\/wp-json\/wp\/v2\/types\/page"}],"author":[{"embeddable":true,"href":"https:\/\/galerie-dittmar.de\/web\/wp-json\/wp\/v2\/users\/1"}],"replies":[{"embeddable":true,"href":"https:\/\/galerie-dittmar.de\/web\/wp-json\/wp\/v2\/comments?post=828"}],"version-history":[{"count":4,"href":"https:\/\/galerie-dittmar.de\/web\/wp-json\/wp\/v2\/pages\/828\/revisions"}],"predecessor-version":[{"id":1477,"href":"https:\/\/galerie-dittmar.de\/web\/wp-json\/wp\/v2\/pages\/828\/revisions\/1477"}],"up":[{"embeddable":true,"href":"https:\/\/galerie-dittmar.de\/web\/wp-json\/wp\/v2\/pages\/87"}],"wp:attachment":[{"href":"https:\/\/galerie-dittmar.de\/web\/wp-json\/wp\/v2\/media?parent=828"}],"curies":[{"name":"wp","href":"https:\/\/api.w.org\/{rel}","templated":true}]}}