{"id":87,"date":"2021-01-16T15:25:42","date_gmt":"2021-01-16T15:25:09","guid":{"rendered":"https:\/\/galerie-dittmar.de\/web\/?page_id=87"},"modified":"2025-11-21T08:17:39","modified_gmt":"2025-11-21T08:17:39","slug":"kuenstler","status":"publish","type":"page","link":"https:\/\/galerie-dittmar.de\/web\/kuenstler\/","title":{"rendered":"K\u00dcNSTLER"},"content":{"rendered":"\n<figure class=\"wp-block-table\"><table><tbody><tr><td><a href=\"https:\/\/galerie-dittmar.de\/web\/kuenstler\/altenbourg\/\">GERHARD ALTENBOURG<\/a><br><a class=\"ek-link\" href=\"https:\/\/galerie-dittmar.de\/web\/kuenstler\/baselitz\/\">GEORG BASELITZ<\/a><br><a href=\"https:\/\/galerie-dittmar.de\/web\/kuenstler\/beppler\/\">LUCIE BEPPLER<\/a><br><a href=\"https:\/\/galerie-dittmar.de\/web\/kuenstler\/bohrmann\">KARL BOHRMANN<\/a><br><a class=\"ek-link\" href=\"https:\/\/galerie-dittmar.de\/web\/kuenstler\/mona-breede\/\">MONA BREEDE<\/a><a class=\"ek-link\" href=\"https:\/\/galerie-dittmar.de\/web\/kuenstler\/conrad\/\"><br><\/a><a href=\"https:\/\/galerie-dittmar.de\/web\/kuenstler\/della-torre\">ENRICO DELLA TORRE<\/a><br><a href=\"https:\/\/galerie-dittmar.de\/web\/kuenstler\/deininger-jaugstetter\">DEININGER, JAUGSTETTER<\/a><br><a href=\"https:\/\/galerie-dittmar.de\/web\/kuenstler\/el-haik\">MYRIAM EL HA\u00efK<\/a><br><a href=\"https:\/\/galerie-dittmar.de\/web\/kuenstler\/englert\">RUDOLF ENGLERT<\/a><br><a href=\"https:\/\/galerie-dittmar.de\/web\/kuenstler\/fautrier\">JEAN FAUTRIER<\/a><br><a href=\"https:\/\/galerie-dittmar.de\/web\/kuenstler\/fein\">NICOLE FEIN<\/a><br><a href=\"https:\/\/galerie-dittmar.de\/web\/kuenstler\/fietz\">GERHARD FIETZ<\/a><br><a href=\"https:\/\/galerie-dittmar.de\/web\/kuenstler\/frietzsche\">GEORG FRIETZSCHE<\/a><br><a href=\"https:\/\/galerie-dittmar.de\/web\/kuenstler\/marcel-gahler\">MARCEL G\u00c4HLER<\/a><br><a href=\"https:\/\/galerie-dittmar.de\/web\/kuenstler\/gille\/\">ANNA GILLE <\/a><br><a href=\"https:\/\/galerie-dittmar.de\/web\/kuenstler\/pijuan\">JOAN HERN\u00c1NDEZ PIJUAN<\/a><br><a href=\"https:\/\/galerie-dittmar.de\/web\/kuenstler\/sharka-hyland\">SHARKA HYLAND<\/a><br><br><\/td><td><a href=\"https:\/\/galerie-dittmar.de\/web\/kuenstler\/li-jin\">LI JIN<\/a><br><a href=\"https:\/\/galerie-dittmar.de\/web\/kuenstler\/klemm\">BARBARA KLEMM<\/a><br><a href=\"https:\/\/galerie-dittmar.de\/web\/kuenstler\/knoebel\">IMI KNOEBEL<\/a><br><a href=\"https:\/\/galerie-dittmar.de\/web\/kuenstler\/kounellis\">JANNIS KOUNELLIS<\/a><a href=\"https:\/\/galerie-dittmar.de\/web\/kuenstler\/liebmann\"><br><span class=\"underline\" style=\"text-decoration: underline\">KATJA LIEBMANN <\/span><br><\/a><a href=\"https:\/\/galerie-dittmar.de\/web\/kuenstler\/partenheimer\/\" data-type=\"page\" data-id=\"784\">J\u00dcRGEN PARTENHEIMER<\/a><a href=\"https:\/\/galerie-dittmar.de\/web\/kuenstler\/rainer\"><br>ARNULF RAINER<\/a><br><a href=\"https:\/\/galerie-dittmar.de\/web\/kuenstler\/rossi\">ALDO ROSSI<\/a><br><a href=\"https:\/\/galerie-dittmar.de\/web\/kuenstler\/sal\">JACK SAL<\/a><br><a href=\"https:\/\/galerie-dittmar.de\/web\/kuenstler\/salzmann\">GOTTFRIED SALZMANN<\/a><br><a href=\"https:\/\/galerie-dittmar.de\/web\/kuenstler\/schaefer\">HORST SCH\u00c4FER<\/a><br><a href=\"https:\/\/galerie-dittmar.de\/web\/kuenstler\/schattauer\">NORA SCHATTAUER<\/a><br><a href=\"https:\/\/galerie-dittmar.de\/web\/kuenstler\/schumacher\">EMIL SCHUMACHER<\/a><br><a href=\"https:\/\/galerie-dittmar.de\/web\/kuenstler\/scully\">SEAN SCULLY<\/a><br><a href=\"https:\/\/galerie-dittmar.de\/web\/kuenstler\/tatafiore\/\">ERNESTO TATAFIORE<\/a><br><a href=\"https:\/\/galerie-dittmar.de\/web\/kuenstler\/usui\">HANA USUI<\/a><br><a href=\"https:\/\/galerie-dittmar.de\/web\/kuenstler\/voth\">HANNSJ\u00d6RG VOTH<\/a><br><br><\/td><\/tr><\/tbody><\/table><\/figure>\n\n\n\n<p><\/p>\n","protected":false},"excerpt":{"rendered":"<p>GERHARD ALTENBOURGGEORG BASELITZLUCIE BEPPLERKARL BOHRMANNMONA BREEDEENRICO DELLA TORREDEININGER, JAUGSTETTERMYRIAM EL HA\u00efKRUDOLF ENGLERTJEAN FAUTRIERNICOLE FEINGERHARD FIETZGEORG FRIETZSCHEMARCEL G\u00c4HLERANNA GILLE JOAN HERN\u00c1NDEZ PIJUANSHARKA HYLAND LI JINBARBARA KLEMMIMI KNOEBELJANNIS KOUNELLISKATJA LIEBMANN J\u00dcRGEN PARTENHEIMERARNULF RAINERALDO ROSSIJACK SALGOTTFRIED SALZMANNHORST SCH\u00c4FERNORA SCHATTAUEREMIL SCHUMACHERSEAN SCULLYERNESTO TATAFIOREHANA USUIHANNSJ\u00d6RG VOTH<\/p>\n","protected":false},"author":1,"featured_media":0,"parent":0,"menu_order":6,"comment_status":"closed","ping_status":"closed","template":"","meta":{"_links_to":"","_links_to_target":""},"_links":{"self":[{"href":"https:\/\/galerie-dittmar.de\/web\/wp-json\/wp\/v2\/pages\/87"}],"collection":[{"href":"https:\/\/galerie-dittmar.de\/web\/wp-json\/wp\/v2\/pages"}],"about":[{"href":"https:\/\/galerie-dittmar.de\/web\/wp-json\/wp\/v2\/types\/page"}],"author":[{"embeddable":true,"href":"https:\/\/galerie-dittmar.de\/web\/wp-json\/wp\/v2\/users\/1"}],"replies":[{"embeddable":true,"href":"https:\/\/galerie-dittmar.de\/web\/wp-json\/wp\/v2\/comments?post=87"}],"version-history":[{"count":72,"href":"https:\/\/galerie-dittmar.de\/web\/wp-json\/wp\/v2\/pages\/87\/revisions"}],"predecessor-version":[{"id":4370,"href":"https:\/\/galerie-dittmar.de\/web\/wp-json\/wp\/v2\/pages\/87\/revisions\/4370"}],"wp:attachment":[{"href":"https:\/\/galerie-dittmar.de\/web\/wp-json\/wp\/v2\/media?parent=87"}],"curies":[{"name":"wp","href":"https:\/\/api.w.org\/{rel}","templated":true}]}}